b72fc + 1?
-3b72fb
In base 13, what is -b18746 - -55?
-b186c1
In base 4, what is 22331200213 - 13?
22331200200
In base 13, what is -114300 - -7b?
-114252
In base 15, what is -6a5b7b + 5?
-6a5b76
In base 8, what is 0 - 36741723?
-36741723
In base 9, what is 21 - -40311725?
40311746
In base 14, what is -43439 - -1d5?
-43244
In base 4, what is 3023 - -2013102?
2022131
In base 8, what is -634702430 - 3?
-634702433
In base 3, what is -210022010201000 - 1220?
-210022010202220
In base 7, what is 10 + -42221165?
-42221155
In base 8, what is 174617 - 346?
174251
In base 3, what is 1121211120 + -1011211?
1120122202
In base 7, what is 0 - -12040654?
12040654
In base 14, what is bc5 + -27b3?
-19cc
In base 5, what is -212242244 + 31?
-212242213
In base 13, what is 3 - 345315?
-345312
In base 10, what is 19 + -456061?
-456042
In base 11, what is 77 + 12847961?
12847a28
In base 12, what is -2 + 3809691?
380968b
In base 12, what is -51004 + -1a?
-51022
In base 4, what is 2 + -2011203023?
-2011203021
In base 12, what is -3 + 9316b7?
9316b4
In base 11, what is -4 + -133700?
-133704
In base 3, what is -10211000011 + -2220?
-10211010001
In base 6, what is 13 - -114355242?
114355255
In base 9, what is -2 - 126517574?
-126517576
In base 9, what is -530751 + 2842?
-526808
In base 10, what is 10567 - 893?
9674
In base 12, what is 1861672 - -11?
1861683
In base 10, what is -128944 + 14?
-128930
In base 10, what is -4 - 13606290?
-13606294
In base 3, what is 2010111000110 + 1?
2010111000111
In base 2, what is 111 + 1101011110110110101110101?
1101011110110110101111100
In base 12, what is 17592 + -169?
17425
In base 14, what is 26a65 + 53?
26ab8
In base 3, what is -2120111202101100 + 0?
-2120111202101100
In base 9, what is 6015025 - -1?
6015026
In base 5, what is 34420241402 - -20?
34420241422
In base 12, what is 1909397 - -26?
1909401
In base 6, what is 215005522 - -14?
215005540
In base 13, what is 40 + 4411b?
4415b
In base 15, what is 716488a + 2?
716488c
In base 12, what is 5a36015 - -4?
5a36019
In base 7, what is -1411 + 2362036?
2360325
In base 6, what is 25004321115 + -3?
25004321112
In base 4, what is 1120300 + -11330223?
-10203323
In base 16, what is fc6 - -38e?
1354
In base 8, what is -31 + -20623276?
-20623327
In base 3, what is -111222011110011 + -11?
-111222011110022
In base 5, what is -1014 + 43242021?
43241002
In base 5, what is -312440 + -13432?
-331422
In base 4, what is 1033201002112 - -1?
1033201002113
In base 6, what is -222050010 + -12?
-222050022
In base 14, what is 21c6 - 326?
1ca0
In base 14, what is 16a2bc5 + 5?
16a2bca
In base 2, what is -101 - 1011100010000011110111?
-1011100010000011111100
In base 14, what is 424923 + -2?
424921
In base 4, what is 30123033 + -33301?
30023132
In base 5, what is 2212433121 - 0?
2212433121
In base 16, what is -a6 + 2b4d46?
2b4ca0
In base 4, what is 222 + 21112020232?
21112021120
In base 5, what is -103330 - -123?
-103202
In base 4, what is -1223 - 130021?
-131310
In base 9, what is 7826150 + 6?
7826156
In base 8, what is -7652522 + -73?
-7652615
In base 14, what is 268a9 - 2b8?
265d1
In base 4, what is 1013020 + 222232?
1301312
In base 16, what is 345246 + 12?
345258
In base 13, what is -147 + -6cc81?
-700c8
In base 3, what is -12 - -11011102012010002?
11011102012002220
In base 10, what is -4380 + -117?
-4497
In base 2, what is 10 + 11010011101011111111100111?
11010011101011111111101001
In base 15, what is -74e0e5 + -3?
-74e0e8
In base 3, what is 12112012012200 + -101101?
12112011211022
In base 7, what is 150664146 - -2?
150664151
In base 6, what is 333 + 32440514?
32441251
In base 4, what is 323 + 302323330?
302330313
In base 4, what is 333120 - -3010300?
10010020
In base 16, what is 1 + -3e2972?
-3e2971
In base 9, what is 1 - 35416435?
-35416434
In base 3, what is -2222100 - -11201011221?
11121012121
In base 3, what is 22220122120001 + -12?
22220122112212
In base 9, what is 262481572 + -3?
262481568
In base 14, what is 265b2aa3a - -4?
265b2aa40
In base 6, what is -324334324 - 12?
-324334340
In base 13, what is -4a41a5 + 0?
-4a41a5
In base 5, what is -220414 - 133342?
-404311
In base 12, what is 2b789 - 3262?
28527
In base 2, what is 10101001111111 + -100001?
10101001011110
In base 12, what is 23832b9a - 0?
23832b9a
In base 6, what is -14234151231 - -1?
-14234151230
In base 9, what is -68011664 - -4?
-68011660
In base 7, what is 4014244 + 104?
4014351
In base 9, what is 27477850 - -1?
27477851
In base 8, what is 224763 - 4446?
220315
In base 5, what is -40414122 + 141?
-40413431
In base 2, what is -1100010110111111010010 - 1?
-1100010110111111010011
In base 11, what is 4342a - -357?
43786
In base 12, what is 39626b + 9a?
396349
In base 11, what is 22a - -46132?
46361
In base 7, what is -236 - 16611163?
-16611432
In base 3, what is 112 - 2200122212011200?
-2200122212011011
In base 7, what is -13 + 1124425626?
1124425613
In base 13, what is -3 + -5587c50?
-5587c53
In base 15, what is -1a6e5a7 - 4?
-1a6e5ab
In base 15, what is 509 - -117d?
1687
In base 4, what is 102130 + -33211?
2313
In base 14, what is 24c5 + 2673?
4b58
In base 14, what is b6a59 + -b9?
b6980
In base 10, what is -3 - 15710493?
-15710496
In base 9, what is -105 + -1336345?
-1336451
In base 9, what is 63037 + -8?
63028
In base 6, what is -342554 + -1244?
-344242
In base 6, what is 2 - 252413514?
-252413512
In base 4, what is -2332 - -31103030130?
31103021132
In base 16, what is -137 + 1814?
16dd
In base 15, what is -2 + -1bcd544?
-1bcd546
In base 7, what is 5621465245 + -2?
5621465243
In base 12, what is -1b09104 - -10?
-1b090b4
In base 2, what is 111100100111101110011101001111 + -11?
111100100111101110011101001100
In base 3, what is -10002000020 + 110010?
-10001120010
In base 5, what is 23004 + -42232?
-14223
In base 10, what is -246 - 391198?
-391444
In base 6, what is 341 + 121151422?
121152203
In base 6, what is 52422334 - -14?
52422352
In base 13, what is 113 - -9250?
9363
In base 3, what is -1001122200 + 1112?
-1001121011
In base 9, what is -24570228 - 4?
-24570233
In base 5, what is -121213414 + 10?
-121213404
In base 11, what is 14866 - -632?
15398
In base 5, what is -4022 + -141033?
-200110
In base 2, what is 1011011 + 100100000000001001?
100100000001100100
In base 8, what is -21763002 - 2?
-21763004
In base 8, what is 225504 - 343?
225141
In base 9, what is 10208 + 5034?
15243
In base 2, what is 1001001101110001011100 - -10101100?
1001001101110100001000
In base 11, what is 109 + 6aa59?
70067
In base 2, what is 10100011110001000100100011010 + 1?
10100011110001000100100011011
In base 5, what is 3013011 + -243?
3012213
In base 9, what is 31 - 8820167?
-8820136
In base 7, what is 0 - 445402143?
-445402143
In base 14, what is 294cb22c + -5?
294cb227
In base 10, what is -4 - 1993194?
-1993198
In base 9, what is 2001307 - -266?
2001574
In base 8, what is -5 - 170474021?
-170474026
In base 11, what is -434 - 756?
-108a
In base 12, what is 27359 - bb?
2725a
In base 16, what is -1 - 3bb3f0?
-3bb3f1
In base 2, what is 11 - -11110000101100000000100?
11110000101100000000111
In base 13, what is 25 - -3a0366?
3a038b
In base 10, what is -9596021 + 100?
-9595921
In base 6, what is 15 + 313224324?
313224343
In base 9, what is 3 - 1243443?
-1243440
In base 13, what is -61 + -6c0a0?
-6c131
In base 5, what is 10 + 133433033124?
133433033134
In base 6, what is 40304143 + -54?
40304045
In base 4, what is -11 - -31000100200?
31000100123
In base 11, what is 1a8 - 1aa3a?
-1a842
In base 10, what is -4 + -136440371?
-136440375
In base 10, what is -4376539 - 100?
-4376639
In base 3, what is -2 - 21111011110021121?
-21111011110021200
In base 7, what is 144 + -14104?
-13630
In base 8, what is 13274 + 53074?
66370
In base 9, what is 351 + 65136?
65487
In base 14, what is 13 + 2cd6a?
2cd7d
In base 10, what is -21749288 - 3?
-21749291
In base 2, what is 1101110100001110010 - 1101?
1101110100001100101
In base 4, what is 1322012213031 - 10?
1322012213021
In base 12, what is 1313 - 548b?
-4178
In base 8, what is -6472137604 - 5?
-6472137611
In base 16, what is 859d - -114?
86b1
In base 13, what is 47a44c - 0?
47a44c
In base 7, what is -1615040 + -2?
-1615042
In base 9, what is -8 - -154332?
154323
In base 11, what is -14544698 - -3?
-14544695
In base 3, what is -21110020